Suppose 4*v - 469 = -61. Let w = -53 + v. Let j = w + -42. What is the units digit of j?
7
Let a = -3900 + 4216. What is the tens digit of a?
1
Let s(q) = 19*q**2 + 4*q - 78. Let n(d) = 13*d**2 + 3*d - 52. Let c(x) = -7*n(x) + 5*s(x). Let o be c(5). What is the units digit of (-6 - -1) + (o - -27)?
1
Let o be 36/126 - (-38)/14 - -1. Suppose 0 = -o*k + 3021 - 713. What is the tens digit of k?
7
Let t(a) = -12848*a + 3*a**3 + 12756*a - 2*a**3 + 18 + 27*a**2. What is the tens digit of t(-29)?
0
Let p(c) = -c**2 + 48*c + 293. Let u be p(53). Suppose u*v = 1999 + 25749. What is the hundreds digit of v?
9
Let b(f) = 6*f + 64. Let j be b(-9). What is the tens digit of (-3 - -1229) + (19 - j)?
3
Suppose 30*o = 34*o - 36. What is the tens digit of 6797*(o/(-7))/(-9)?
7
Let x(o) be the first derivative of 25*o**2/2 + 44*o - 46. What is the units digit of x(4)?
4
Suppose -a - 10*a - 4*a = 0. Suppose -8*o + 197 + 2259 = a. What is the tens digit of o?
0
Let g(j) = -3*j**3 - 4*j**2 - 11*j + 15. Suppose 86*x + 20 = 82*x. What is the tens digit of g(x)?
4
Let k(d) = -14020*d - 688. What is the units digit of k(-1)?
2
Let q = -27 + 26. Let v(h) = 3*h**2 - 2*h. Let u be v(q). Suppose u*i + 468 = 8*i. What is the hundreds digit of i?
1
Let k = 552 + 12742. What is the units digit of k?
4
Let u = -1 - -19. Suppose -2*d = 4*d - u. What is the units digit of (-10)/(4/(-4))*d?
0
Let n be (-2)/(-20) - 5871/(-190). Let d(v) = -11 + 58*v**2 - 28*v**2 - n*v**2 + 13*v. What is the units digit of d(9)?
5
Let f be 21/35 - 2 - (-2)/5. Let v(b) = -55*b**3 - 2*b**2 + b + 2. What is the units digit of v(f)?
4
Let i = -23074 + 101106. What is the units digit of i?
2
Let d = 148 - 130. Let i(g) = -g**3 + 18*g**2 - g + 18. Let c be i(d). Suppose 8*x - 9*x - 2*t + 119 = 0, c = -4*x - 3*t + 496. What is the hundreds digit of x?
1
Let x(j) = j**2 + 15*j + 36. Let z be x(-3). Suppose -30*i + 1184 + 46 = z. What is the units digit of i?
1
Let o = 55 - 55. Suppose 3*u + 4*i - 371 = o, -6*u = -4*u - 5*i - 209. What is the hundreds digit of u?
1
Let d(z) = -3*z + 14 + 63*z**3 + 10 - 23 + 7. What is the units digit of d(2)?
6
Let b be (0 - (-28)/(-8))*-126. Suppose 2*g - 101 - b = 0. Suppose 6*l + 3*c = 4*l + g, -3*c = 9. What is the tens digit of l?
4
What is the tens digit of (17 + -12 - -249)*2?
0
Let u = -18157 - -30506. What is the hundreds digit of u?
3
Let p = 275 - 269. What is the tens digit of p/(-18) + 2173/3?
2
Suppose -7*k = -3*k - 8. Suppose -235 = k*h - 569. What is the hundreds digit of h?
1
Let v = -22 - -26. Let w = v + -4. Suppose -362 = -w*o - 2*o - 4*u, 2*o = u + 357. What is the units digit of o?
9
Suppose -21*d + 20*d = 32. Let r = d + 60. What is the tens digit of (-69)/2*r/(-21)?
4
Let l be 4/(-14) - (-132)/(-28). Let a be (-1564)/(-414) - (-2)/9. What is the hundreds digit of -121*(1 + a)/l?
1
Suppose -119*b - 1651 = -2*x - 116*b, x = 4*b + 828. What is the tens digit of x?
2
What is the tens digit of 5/(80/100152) + (2 - 15/10)?
6
Suppose -89*a + 138425 = -40*a. What is the units digit of a?
5
Let f(z) = -z**3 - 12*z**2 + 2*z + 11. Let m be f(-15). Suppose 9*w = m - 26. What is the units digit of w?
0
Suppose 756 = 107*c + c. Let v = 62 + 8. Let w = v - c. What is the tens digit of w?
6
Let r(w) = -2*w + 13. Let v be r(-4). Let a be 6/v + (-300)/(-28). Suppose a + 52 = i. What is the tens digit of i?
6
Suppose 7*q - 5*n = 3*q - 6, 12 = 2*q + 5*n. Let p be 0 - (0/q + -3). What is the units digit of 13*(p/(-1) + -3)*-1?
8
Suppose -13109 - 4967 = -4*z. Let h = z - 2596. What is the units digit of h?
3
Suppose 3*m + 2259 = 3*a + 447, -1236 = -2*a - 5*m. Let n be a/14 - (-12)/21. Suppose 2*u = 4*j - 174, -n = -j + 3*u - 2*u. What is the tens digit of j?
4
Suppose 5*a - 4*n - 77611 = 0, -a + n = -2944 - 12578. What is the units digit of a?
3
Let z = -228 + 230. What is the units digit of (63/(-2))/(7/(-28)*z)?
3
Suppose r = 8*r - 14. Suppose -2*u + r*i = -6, -u = -4*i + 3 - 9. What is the hundreds digit of 24/(-6) + 64*u?
1
Suppose n = 3*c + 3*n - 927, -c - 4*n + 299 = 0. Let w = c - -636. What is the units digit of w?
7
Suppose -5*x + 5*m = -51520, -3*x - 12*m + 30910 = -16*m. What is the hundreds digit of x?
3
Let w(h) = -h**3 - 86*h**2 + 203*h - 395. What is the thousands digit of w(-89)?
5
Suppose 2*n = u - 123 - 93, 0 = 2*n + 5*u + 192. Let w = 82 - n. What is the units digit of w?
8
What is the hundreds digit of (2 + 3)*(-6 + 3297*7/21)?
4
Let t(j) = j**2 + 4*j - 6. Let b be t(-6). Let z be -3 - (3 - b) - -16. Suppose -2*n - z = -20. What is the units digit of n?
2
Let a(p) = 10*p**2 + 25*p + 6796. What is the hundreds digit of a(0)?
7
Let t(o) = -o**3 + 6*o**2 - 8*o + 3. Let s be t(2). Suppose 0*x = 5*a + s*x - 2490, 2525 = 5*a - 4*x. What is the tens digit of a?
0
Suppose -4*z + 17900 = 3*i, 2*i - 2762 = -z + 9168. What is the thousands digit of i?
5
Suppose -2*i + 4 = 2*l - 4*l, -2*l - 10 = -3*i. Suppose 4*c - 5*c + i = 0. Let g(k) = k**3 - 6*k**2 + 8*k - 1. What is the tens digit of g(c)?
4
Suppose 0 = 3*m - 323 + 299. Suppose -8 = -4*u + m, -2*u - 892 = -3*w. What is the hundreds digit of w?
3
Let h be (29 - -7) + -3 + -3. What is the units digit of h/5 + 4 + 2?
2
Suppose 4*n + 0*r = -2*r, -10 = 4*n - 3*r. What is the units digit of (-4)/(-24) + 8695/30 + n?
9
Suppose -18*j + 14*j = -19*j + 155730. What is the tens digit of j?
8
Suppose 3*r - 31246 = 3*w + 6770, -3*r + 38015 = -4*w. What is the units digit of r?
3
Let z be (-4)/(64/(-1010)) + (-5)/40. What is the hundreds digit of ((-334)/(-3))/(11 + (-679)/z)?
5
Let q be 11 + (0 + -6 - -6). What is the tens digit of 254 - 6/(5 - q)?
5
Suppose -3*v = 4*o - 15073 - 2122, 4*v = -2*o + 8610. What is the thousands digit of o?
4
What is the hundreds digit of (-2 - (43 + -1))*(-411)/12?
5
Let f = 57413 + -40853. What is the ten thousands digit of f?
1
Let q(y) = -y**3 - 16*y**2 - 2*y - 165. What is the hundreds digit of q(-26)?
6
Suppose -5*r + 5*c = 9*c - 122524, 98015 = 4*r - c. What is the ten thousands digit of r?
2
Let n = -36618 + 53729. What is the hundreds digit of n?
1
What is the units digit of (44/(-550) + 108983/100)/(3/104)?
8
Suppose -3*i + 2*r + 29 = 0, -20 = -3*i + i + r. Suppose 2*n + i - 5 = 0, -4*n + 2612 = 4*h. What is the tens digit of h?
5
Suppose -2*x - 2*f + 11 = -3, 3*x = 5*f + 37. Let t be (-2)/(-3) + -14*3/x. Let u(c) = 14*c**2 + 5*c + 5. What is the units digit of u(t)?
9
Let p(i) = 4*i**3 + i**2 - 2*i + 1. Let o be p(1). Suppose -5*f + o*f - 8 = 4*u, -5*u = 4*f - 12. Let c(d) = 2*d**2 - 9*d + 8. What is the tens digit of c(f)?
6
Suppose -3*j + 3267 = c + 3*c, -4*c = 5*j - 3261. Let b = c - 10. What is the hundreds digit of b?
8
Let i(m) = m**2 - 5*m - 11. Let f(o) be the first derivative of o**4/4 - o**3/3 + o**2 + 8*o + 26. Let d be f(0). What is the units digit of i(d)?
3
Let f = -16823 - -55130. What is the units digit of f?
7
Suppose -j - j = -w + 367, -2*j - 358 = 2*w. Suppose 2*n + 961 = 3*c, -6*n + 9*n - 658 = -2*c. Let q = j + c. What is the tens digit of q?
4
What is the tens digit of 2/(-11)*(73 + -30840)?
9
Suppose 4*z + 2*h + 2084 = 0, -h + 0*h = z + 523. Let r = 41 + -868. Let m = z - r. What is the hundreds digit of m?
3
Let l(r) = -r**2 - 17*r + 12. Let m be l(-17). Let z(y) = y**2 + 19 - 3*y + 0*y - 9*y + 1. What is the units digit of z(m)?
0
Let z(l) = 17*l**2 - 21*l + 43. Let m(j) = -22*j + 248. Let a be m(11). What is the tens digit of z(a)?
2
Suppose -18*c + 59002 = -8*c - 9*c. What is the tens digit of c?
0
Let j be 6 + -1 + (-166)/(-2). Let k = 94 - j. Let v(a) = 32*a + 19. What is the tens digit of v(k)?
1
Let x(i) = 2*i**2 - 8*i + 18. Let f be x(2). What is the hundreds digit of 3268/f + -8 + 4/(-5)?
3
Let q(l) = -l**3 + 16*l**2 - 9*l - 67. Let y be q(15). Let d(f) = -f**2 + 35*f + 37. What is the hundreds digit of d(y)?
3
Suppose -w - 3*w + 968 = -3*l, 2*w - 1294 = 4*l. Let h = 332 - l. What is the units digit of h?
6
Suppose 9*d = 2650 - 103. Suppose 0 = -4*g + d + 93. What is the tens digit of g?
9
What is the thousands digit of 66260/12 - (-105)/(-63)?
5
Suppose 3*v - 5*b + 671 = 0, v + 4*b + 191 = -27. Let k = v + 512. What is the hundreds digit of k?
2
Let q be 4/8 + (-9)/(-2) - 1. Suppose 2*h - 42 = -q*a, 6*a - a + 2*h = 50. Let w = a - -73. What i